MONTHLY CLIMATOLOGICAL SUMMARY FOR AUGUST 2008

                   
NAME: Second Station   CITY: Hillman   STATE: MN 
ELEV:  1285 ft  LAT:  45 54' 06" N  LONG:  93 51' 01" W

                   TEMPERATURE (F), RAIN  (in), WIND SPEED (mph)

                                      HEAT  COOL        AVG
    MEAN                              DEG   DEG         WIND                 DOM
DAY TEMP  HIGH   TIME   LOW    TIME   DAYS  DAYS  RAIN  SPEED HIGH   TIME    DIR
------------------------------------------------------------------------------------
 1  68.3  81.8   4:45p  54.8  12:00m   0.0   3.3  0.00   8.0  26.0   1:10p   NNW
 2  63.7  78.7   4:25p  48.7   6:35a   1.3   0.0  0.00   5.9  27.0   3:50p    SE
 3  64.8  70.8   6:15p  58.8   2:15a   0.2   0.0  0.96   8.3  27.0   4:35p   ESE
 4  70.2  81.7   5:00p  58.7   6:00a   0.0   5.2  0.00   2.8  15.0  10:50a    NE
 5  69.6  81.6   4:15p  57.6   6:05a   0.0   4.6  0.00   6.6  22.0   4:15p    NW
 6  66.7  81.0   4:10p  52.3   6:40a   0.0   1.7  0.09   6.1  39.0   1:25p    NW
 7  65.9  78.2   3:05p  53.7   6:20a   0.0   0.9  0.00   5.2  17.0  12:35p   NNW
 8  60.7  73.4   4:00p  47.9   6:10a   4.3   0.0  0.00   2.0  10.0  11:45a     N
 9  68.2  81.5   4:50p  54.9   6:55a   0.0   3.2  0.00   4.5  16.0  10:30p    NE
10  60.6  73.3   3:45p  47.9   5:45a   4.4   0.0  0.00   6.3  18.0  11:55a   ESE
11  60.0  73.2  12:00p  46.8   5:10a   5.0   0.0  0.23   6.4  23.0  10:50p   SSE
12  64.9  75.7   3:40p  54.2  12:00m   0.1   0.0  0.13   6.0  26.0   5:30p     S
13  67.7  83.6   2:30p  51.8   4:15a   0.0   2.7  0.20   3.4  21.0   6:35p   WSW
14  63.0  73.9   4:55p  52.1   4:50a   2.0   0.0  0.00   4.5  19.0   5:25p   ENE
15  64.5  79.2   2:45p  49.8   6:40a   0.5   0.0  0.00   3.6  12.0   2:05p   ENE
16  70.2  83.6   4:05p  56.8  12:45a   0.0   5.2  0.00   7.5  23.0   2:40p     W
17  73.9  85.6   3:25p  62.2   6:15a   0.0   8.9  0.00   8.2  30.0   1:35p   WSW
18  75.2  89.1   4:05p  61.2   6:40a   0.0  10.2  0.00   6.1  19.0  11:05p   WSW
19  69.7  83.4   4:35p  55.9   6:40a   0.0   4.7  0.00   8.7  20.0   7:50p    SE
20  72.8  82.3   1:40p  63.3   6:25a   0.0   7.8  0.00   9.3  27.0   1:25p   SSE
21  71.6  81.8   3:50p  61.4   6:55a   0.0   6.6  0.00  12.5  33.0   4:10p   SSE
22  71.2  80.5   3:10p  61.8  12:00m   0.0   6.2  0.00  13.7  40.0  11:25a   SSE
23  58.7  69.8   5:15p  47.5  12:00m   6.3   0.0  0.00  12.6  29.0   4:05a   WNW
24  56.8  73.2   4:05p  40.3   6:45a   8.3   0.0  0.00   3.8  17.0  11:45a    NW
25  57.8  74.8   4:55p  40.7   6:25a   7.3   0.0  0.00   5.8  19.0   2:55p    SE
26  60.4  76.5   4:25p  44.3   6:05a   4.6   0.0  0.00  10.5  31.0  10:45a    SE
27  64.3  69.5   4:05p  59.0   5:30a   0.8   0.0  3.86   7.3  24.0   5:35a   SSE
28  63.4  76.0   3:50p  50.8  11:30p   1.6   0.0  0.01   6.5  25.0   4:20p   WNW
29  62.1  80.2   3:50p  44.0   6:15a   2.9   0.0  0.00   6.5  23.0   2:55p     W
30  62.7  80.6   4:30p  44.8   6:30a   2.3   0.0  0.00   7.6  27.0   3:55p   SSE
31  70.8  81.5   3:40p  60.2   7:00a   0.0   5.8  0.00  13.4  32.0  12:55p   SSE
-------------------------------------------------------------------------------------
    65.8  89.1    18    40.3    24    51.8  76.9  5.48   7.1  40.0    22     SSE

Max >=  90.0:  0
Max <=  32.0:  0
Min <=  32.0:  0
Min <=   0.0:  0
Max Rain: 3.86 ON 08/27/08
Days of Rain: 6 (>.01 in) 5 (>.1 in) 1 (>1 in)
Heat Base:  65.0  Cool Base:  65.0  Method: (High + Low) / 2