MONTHLY CLIMATOLOGICAL SUMMARY FOR DECEMBER 2008


                  
NAME: Second Station   CITY: Hillman   STATE: MN 
ELEV:  1285 ft  LAT:  45 54' 06" N  LONG:  93 51' 01" W

                   TEMPERATURE (F), RAIN  (in), WIND SPEED (mph)

                                      HEAT  COOL        AVG
    MEAN                              DEG   DEG         WIND                 DOM
DAY TEMP  HIGH   TIME   LOW    TIME   DAYS  DAYS  RAIN  SPEED HIGH   TIME    DIR
------------------------------------------------------------------------------------
 1  16.8  22.9   2:25p  10.6  11:40p  48.3   0.0  0.00  10.3  27.0   1:20a   NNW
 2  24.6  38.3   3:30p  10.9  12:05a  40.4   0.0  0.00  12.9  29.0   8:45a     S
 3  16.6  24.1  12:05a   9.2  11:45p  48.3   0.0  0.00  12.4  30.0   9:45a    NW
 4   9.8  13.7  10:50a   5.9  12:00m  55.2   0.0  0.00   9.7  23.0   1:40p   WNW
 5  13.1  22.5  11:40p   3.8   2:15a  51.8   0.0  0.05  10.8  28.0   3:20p   WSW
 6   9.0  22.4  12:05a  -4.4  12:00m  56.0   0.0  0.00  14.2  38.0   5:15a   NNW
 7   1.8  11.0  11:55p  -7.4   2:05a  63.2   0.0  0.01   7.7  21.0   1:20p    SE
 8  15.8  20.6   2:10p  11.0  12:05a  49.2   0.0  0.07   5.7  19.0  11:15p   ESE
 9   7.3  16.5  12:05a  -1.8  10:15p  57.7   0.0  0.00   8.4  25.0   2:20a     N
10  17.0  30.6   8:35p   3.3   5:30a  48.0   0.0  0.00  10.9  44.0  11:15p   SSE
11   6.7  17.6  12:05a  -4.3  12:00m  58.3   0.0  0.00   8.8  31.0  12:05a    NW
12   4.3  20.7  11:55p -12.2   4:10a  60.8   0.0  0.00   6.8  21.0   6:30p     S
13  23.5  30.5   2:15p  16.6   1:45a  41.5   0.0  0.03   5.3  18.0   4:45p     E
14  12.1  29.9   6:15a  -5.6  11:50p  52.8   0.0  0.60  14.2  34.0   4:10p    NE
15 -12.7  -5.5  12:05a -19.9   9:35p  77.7   0.0  0.00  10.9  28.0  12:10a   WNW
16 -11.3  -0.7  12:00m -21.9   4:10a  76.3   0.0  0.00   4.4  13.0  12:45p     S
17  -5.6   4.7   2:10p -15.8  12:00m  70.6   0.0  0.05   5.0  16.0   4:30a   WSW
18  -1.8  12.5   2:45p -16.0  12:45a  66.8   0.0  0.00   3.7  18.0   9:20p    NE
19  13.9  21.3   2:10p   6.6  12:20a  51.0   0.0  0.00   6.3  15.0   2:10p    NE
20   1.7  17.7   2:35p -14.3  11:55p  63.3   0.0  0.11  11.9  29.0   4:35p   ESE
21  -3.1  10.1   2:45p -16.4   3:30a  68.2   0.0  0.00  13.7  33.0   2:30p   WNW
22 -11.4  -0.2  11:50p -22.6   8:25a  76.4   0.0  0.00   6.1  18.0  11:50p    SE
23   7.8  15.7   3:05p  -0.2  12:05a  57.3   0.0  0.03   7.8  23.0   1:00a    SE
24  -4.8   4.7   2:55p -14.4  11:50p  69.8   0.0  0.00   4.6  17.0   3:30p    NW
25   4.2  22.8  11:45p -14.3  12:15a  60.8   0.0  0.00  11.4  27.0  10:50p    SE
26  29.3  37.1  11:10p  21.5   3:25a  35.7   0.0  0.01  13.3  28.0   1:20a    SE
27  21.0  36.1  12:05a   6.0  11:55p  44.0   0.0  0.00  11.8  26.0   8:05a   WSW
28   8.6  20.9  12:00m  -3.6   8:05a  56.3   0.0  0.00   6.3  18.0   3:35p     S
29  20.7  33.8   5:55a   7.6   7:05p  44.3   0.0  0.00  13.9  48.0   6:40a   WNW
30   1.6  11.3  12:20p  -8.2  12:00m  63.5   0.0  0.37   9.0  26.0   3:45p   NNW
31  -7.8   5.6  12:00m -21.1   8:20a  72.8   0.0  0.00   7.9  21.0   8:10p    NW
-------------------------------------------------------------------------------------
     7.4  38.3     2   -22.6    22  1786.1   0.0  1.33   9.2  48.0    29     WNW

Max >=  90.0:  0
Max <=  32.0: 27
Min <=  32.0: 31
Min <=   0.0: 19
Max Rain: 0.60 ON 12/14/08
Days of Rain: 8 (>.01 in) 3 (>.1 in) 0 (>1 in)
Heat Base:  65.0  Cool Base:  65.0  Method: (High + Low) / 2