MONTHLY CLIMATOLOGICAL SUMMARY FOR MARCH 2008



NAME: Second Station   CITY: Hillman   STATE: MN 
ELEV:  1285 ft  LAT:  45 54' 06" N  LONG:  93 51' 01" W

                   TEMPERATURE (F), RAIN  (in), WIND SPEED (mph)

                                      HEAT  COOL        AVG
    MEAN                              DEG   DEG         WIND                 DOM
DAY TEMP  HIGH   TIME   LOW    TIME   DAYS  DAYS  RAIN  SPEED HIGH   TIME    DIR
------------------------------------------------------------------------------------
 1  13.9  27.7   4:35p   0.1   4:00a  51.1   0.0  0.00   9.4  23.0  10:10p   ESE
 2  23.5  31.9  12:35p  15.2  12:00m  41.5   0.0  0.01  12.7  35.0   9:25p   ESE
 3   7.3  15.2  12:05a  -0.7  12:00m  57.8   0.0  0.00  12.6  35.0   1:50a    NW
 4  12.2  26.9   2:55p  -2.5  12:45a  52.8   0.0  0.00  10.4  26.0   3:00p    SE
 5  12.2  23.6  12:55p   0.8  12:00m  52.8   0.0  0.03  10.2  24.0   9:50a   WNW
 6   1.5  11.7   2:40p  -8.6  11:30p  63.5   0.0  0.00   8.2  22.0   1:55p    NW
 7  -4.0   9.4   1:15p -17.4   4:55a  69.0   0.0  0.00   4.9  13.0  12:30a   NNW
 8   6.6  17.7   3:00p  -4.6   4:10a  58.5   0.0  0.00  10.7  26.0  10:20a   SSE
 9  15.1  30.3   4:35p  -0.1   6:55a  49.9   0.0  0.00   4.3  16.0  12:00p    NE
10  13.6  31.0   4:10p  -3.9   7:30a  51.5   0.0  0.00   8.0  24.0   4:20p   SSW
11  38.0  49.2   2:15p  26.8  12:15a  27.0   0.0  0.00  10.0  30.0  11:50a    NW
12  31.8  41.0   1:10p  22.5   2:35a  33.3   0.0  0.12   8.1  32.0   1:20p    SE
13  36.7  43.1   4:25p  30.3  12:00m  28.3   0.0  0.01  11.1  30.0   4:55p     W
14  28.5  34.7   3:50p  22.4  12:00m  36.5   0.0  0.00  12.0  28.0   8:25a    NW
15  22.8  31.6   3:45p  13.9   5:30a  42.3   0.0  0.00   4.9  17.0   2:05p   NNW
16  23.8  35.6   3:05p  12.1   4:15a  41.2   0.0  0.00   7.3  21.0   9:45p     S
17  30.3  32.1   4:50p  28.4   7:00a  34.8   0.0  0.17  10.3  21.0   2:05p    SE
18  31.4  37.9   5:35p  24.8  12:00m  33.7   0.0  0.12   6.4  24.0   6:40p   WNW
19  31.0  44.1   5:10p  17.9   7:00a  34.0   0.0  0.00   9.1  26.0   2:30p    NW
20  25.8  35.6   3:00p  15.9   7:20a  39.3   0.0  0.00   6.7  17.0  12:15a     E
21  28.5  31.9  12:05a  25.2   6:10a  36.5   0.0  0.12   9.9  24.0  10:50a     E
22  29.9  36.2   5:20p  23.6   7:30a  35.1   0.0  0.09   5.1  19.0  11:30p    NE
23  27.8  36.0   4:15p  19.5  12:00m  37.3   0.0  0.00   9.2  23.0   9:55a   NNW
24  21.3  34.6  12:00m   7.9   6:40a  43.8   0.0  0.02  12.3  40.0   5:55p     S
25  33.3  40.7   4:35p  25.8  11:45p  31.8   0.0  0.00  15.4  35.0   9:55a   WNW
26  30.5  38.7   3:00p  22.3   2:45a  34.5   0.0  0.00  10.4  30.0   2:40p   WNW
27  28.2  36.4   4:45p  20.0   7:25a  36.8   0.0  0.00   4.9  20.0   3:00p    NE
28  28.0  43.1   4:30p  13.0   7:25a  37.0   0.0  0.00   4.2  16.0   5:00p    NE
29  36.3  43.8   3:45p  28.8   7:25a  28.7   0.0  0.00  15.8  36.0   3:15p    SE
30  38.0  43.5   1:50p  32.4  12:00m  27.0   0.0  0.00  11.7  34.0   2:40a    NW
31  30.6  33.1   1:35a  28.1  12:00m  34.4   0.0  0.28  10.5  30.0   8:55p    NE
-------------------------------------------------------------------------------------
    23.7  49.2    11   -17.4     7  1280.9   0.0  0.97   9.2  40.0    24      NW

Max >=  90.0:  0
Max <=  32.0: 12
Min <=  32.0: 30
Min <=   0.0:  7
Max Rain: 0.28 ON 03/31/08
Days of Rain: 8 (>.01 in) 5 (>.1 in) 0 (>1 in)
Heat Base:  65.0  Cool Base:  65.0  Method: (High + Low) / 2