MONTHLY CLIMATOLOGICAL SUMMARY FOR MARCH 2011


NAME: Second Station   CITY: Hillman   STATE: MN 
ELEV:  1285 ft  LAT:  45 54' 06" N  LONG:  93 51' 01" W

                   TEMPERATURE (F), RAIN  (in), WIND SPEED (mph)

                                      HEAT  COOL        AVG
    MEAN                              DEG   DEG         WIND                 DOM
DAY TEMP  HIGH   TIME   LOW    TIME   DAYS  DAYS  RAIN  SPEED HIGH   TIME    DIR
------------------------------------------------------------------------------------
 1  14.1  31.7  12:10p  -3.6  12:00m  51.0   0.0  0.00  12.9  33.0   1:40p    NW
 2  -0.8  10.4   4:00p -12.0   5:05a  65.8   0.0  0.00   5.8  22.0  12:35a   NNW
 3  15.6  23.5   4:20p   7.6  12:05a  49.5   0.0  0.00   8.4  22.0   2:10a   ESE
 4  19.5  25.6   1:45p  13.4  12:00m  45.5   0.0  0.00   8.8  21.0   9:20a   NNW
 5  15.4  27.3   3:15p   3.5  10:50p  49.6   0.0  0.00   5.5  18.0  11:20a     N
 6  12.7  21.2   4:40p   4.2  12:10a  52.3   0.0  0.19   5.2  14.0   8:45a   ESE
 7  19.2  29.2   3:20p   9.2  11:15p  45.8   0.0  0.01   5.3  17.0   9:05a   NNE
 8  20.1  34.5   2:35p   5.7   5:55a  44.9   0.0  0.00   5.7  16.0   2:45p     E
 9  32.5  38.8   1:25p  26.1  12:30a  32.5   0.0  0.00   7.4  20.0   4:15p    NE
10  25.7  33.5  11:45a  17.9  11:45p  39.3   0.0  0.00   6.4  17.0   4:40a    NW
11  28.0  41.2   3:00p  14.7   2:15a  37.0   0.0  0.05  14.7  39.0  12:05p    SE
12  19.8  29.5  12:25a  10.1   7:30a  45.2   0.0  0.02  15.8  35.0   3:30a   WNW
13  21.7  32.7   3:05p  10.7   5:50a  43.3   0.0  0.00   4.5  12.0   1:55a    NW
14  23.2  36.9   3:25p   9.5   1:10a  41.8   0.0  0.00   7.6  23.0   4:10p     S
15  34.8  41.4   4:10p  28.1  12:55a  30.3   0.0  0.03   9.0  21.0   7:00a   SSW
16  35.9  48.0   3:55p  23.8   8:15a  29.1   0.0  0.00   9.7  31.0   3:50p   SSE
17  40.4  46.7   4:50p  34.1   7:45a  24.6   0.0  0.00   8.7  39.0   8:15p   WNW
18  29.0  35.1  12:05a  23.0   8:45a  36.0   0.0  0.00  10.5  29.0   2:40a   WNW
19  31.5  43.2   4:15p  19.7   4:10a  33.5   0.0  0.01   9.0  30.0  10:40p    SE
20  37.6  40.9  12:30a  34.3  10:55p  27.4   0.0  0.12  12.8  39.0  12:25a   ESE
21  37.1  40.5   2:10p  33.7   6:50a  27.9   0.0  0.00   7.3  24.0  11:25p   WNW
22  30.9  36.4  12:05a  25.4  11:55p  34.1   0.0  0.33  20.3  44.0   2:15p     E
23  17.9  26.9  12:55p   8.9  11:50p  47.1   0.0  0.64  13.9  42.0  12:30a   ENE
24  12.8  29.7   3:20p  -4.1   7:25a  52.2   0.0  0.00   4.0  12.0   1:00p     N
25  15.3  32.5   2:55p  -1.9   7:15a  49.7   0.0  0.00   5.7  16.0  12:20p     E
26  18.8  28.6   5:00p   9.0   7:30a  46.2   0.0  0.00   8.5  24.0   9:45a     E
27  20.0  36.1   1:50p   4.0   4:40a  45.0   0.0  0.00   3.3  10.0   6:40p   ENE
28  19.1  37.2   1:25p   1.0   7:20a  45.9   0.0  0.00   4.1  12.0  11:35a    NE
29  24.9  43.4  12:30p   6.3   7:05a  40.2   0.0  0.00   3.6  11.0   2:25p     N
30  25.8  42.0   2:45p   9.5   7:15a  39.3   0.0  0.00   2.7  10.0   3:20p   NNW
31  35.6  43.6  12:30p  27.6  12:05a  29.4   0.0  0.18   6.7  20.0   1:40p    SE
-------------------------------------------------------------------------------------
    23.7  48.0    16   -12.0     2  1281.2   0.0  1.58   8.2  44.0    22       E

Max >=  90.0:  0
Max <=  32.0: 11
Min <=  32.0: 28
Min <=   0.0:  4
Max Rain: 0.64 ON 03/23/11
Days of Rain: 8 (>.01 in) 5 (>.1 in) 0 (>1 in)
Heat Base:  65.0  Cool Base:  65.0  Method: (High + Low) / 2