MONTHLY CLIMATOLOGICAL SUMMARY FOR MAY 2006



NAME: Second Station   CITY: Hillman   STATE: MN 
ELEV:  1288 ft  LAT:  45 54' 06" N  LONG:  93 51' 01" W

                   TEMPERATURE (F), RAIN  (in), WIND SPEED (mph)

                                      HEAT  COOL        AVG
    MEAN                              DEG   DEG         WIND                 DOM
DAY TEMP  HIGH   TIME   LOW    TIME   DAYS  DAYS  RAIN  SPEED HIGH   TIME    DIR
------------------------------------------------------------------------------------
 1  55.1  58.4   4:30p  51.7   3:50a   9.9   0.0  0.74  12.1  30.0  10:40a     E
 2  55.2  64.8   2:40p  45.5   6:10a   9.8   0.0  0.00   7.1  20.0  10:30p   WSW
 3  52.2  58.4  12:10a  45.9   6:40a  12.8   0.0  0.03  13.5  34.0   5:40p     W
 4  47.7  52.9  12:20p  42.4  12:00m  17.3   0.0  0.00  14.1  31.0   7:50a    NW
 5  45.3  54.3   5:10p  36.4   6:30a  19.7   0.0  0.00   8.9  25.0   2:10a    NW
 6  54.0  69.4   4:40p  38.6  12:10a  11.0   0.0  0.00  10.1  29.0   1:50p    SW
 7  55.3  68.5   2:50p  42.0   6:30a   9.8   0.0  0.00   9.5  33.0   2:50p     S
 8  60.1  68.2   5:30p  52.0   4:40a   4.9   0.0  0.00   9.9  29.0   2:20p     S
 9  60.2  70.4   2:50p  50.0   6:30a   4.8   0.0  0.12   5.1  29.0   7:50p    NW
10  50.8  56.6  11:40a  45.0  11:50p  14.2   0.0  0.09  12.5  30.0   8:50a   WNW
11  47.3  53.3   3:40p  41.3   6:40a  17.7   0.0  0.01  12.4  36.0  11:00p     N
12  42.7  47.1  12:10a  38.3   8:30a  22.3   0.0  0.40  13.4  31.0  12:30a     N
13  43.3  48.1   4:40p  38.4  12:10a  21.8   0.0  0.25   7.9  24.0  12:10p     N
14  49.7  61.1   5:40p  38.3  12:50a  15.3   0.0  0.14   8.2  21.0  11:30a     N
15  58.3  67.2   4:00p  49.3   6:00a   6.8   0.0  0.04   9.6  26.0   5:40p     N
16  60.6  71.2   4:30p  50.0   6:10a   4.4   0.0  0.00  10.8  27.0   1:10p   NNW
17  55.8  66.9   5:20p  44.6   6:00a   9.3   0.0  0.00  11.5  36.0  11:30a     N
18  51.3  64.9   2:50p  37.7   6:10a  13.7   0.0  0.02   8.3  28.0  11:50a   NNW
19  54.2  68.2   4:20p  40.2   1:20a  10.8   0.0  0.03   4.7  18.0  11:20a     E
20  50.0  61.3   6:00p  38.7  12:00m  15.0   0.0  0.08   7.8  26.0   2:10p     N
21  43.7  57.9   2:40p  29.4   6:10a  21.3   0.0  0.00   3.6  14.0   9:50a     N
22  49.9  69.9   5:30p  29.9   5:40a  15.1   0.0  0.00   5.3  18.0   1:00p    SE
23  65.6  81.7   5:40p  49.5   5:20a   0.0   0.6  0.00  12.5  32.0   2:40p    SE
24  68.8  75.2  12:50p  62.5   4:50a   0.0   3.8  0.05   9.8  29.0  12:30p   SSE
25  68.6  80.6   4:40p  56.6   4:30a   0.0   3.6  0.01   9.2  29.0   7:00p     N
26  68.8  81.9   4:20p  55.7   6:00a   0.0   3.8  0.00   6.5  17.0   1:00a   NNW
27  72.3  85.6   3:10p  59.1   6:00a   0.0   7.3  0.00  12.9  32.0   1:40p   ESE
28  80.5  93.0   5:10p  68.0   2:20a   0.0  15.5  0.00  13.0  36.0   1:30p   SSE
29  75.4  90.0   2:50p  60.8  11:10p   0.0  10.4  0.02  11.7  36.0   3:40p     S
30  66.6  80.4   4:00p  52.7   5:20a   0.0   1.6  0.00   6.1  18.0   9:40a   NNW
31  67.9  81.0   2:40p  54.8  12:20a   0.0   2.9  0.03   4.7  33.0   4:30p   NNE
-------------------------------------------------------------------------------------
    57.3  93.0    28    29.4    21   287.7  49.6  2.06   9.4  36.0    11       N

Max >=  90.0:  2
Max <=  32.0:  0
Min <=  32.0:  2
Min <=   0.0:  0
Max Rain: 0.74 ON 05/01/06
Days of Rain: 14 (>.01 in) 5 (>.1 in) 0 (>1 in)
Heat Base:  65.0  Cool Base:  65.0  Method: (High + Low) / 2