MONTHLY CLIMATOLOGICAL SUMMARY FOR MAY 2008



NAME: Second Station   CITY: Hillman   STATE: MN 
ELEV:  1285 ft  LAT:  45 54' 06" N  LONG:  93 51' 01" W

                   TEMPERATURE (F), RAIN  (in), WIND SPEED (mph)

                                      HEAT  COOL        AVG
    MEAN                              DEG   DEG         WIND                 DOM
DAY TEMP  HIGH   TIME   LOW    TIME   DAYS  DAYS  RAIN  SPEED HIGH   TIME    DIR
------------------------------------------------------------------------------------
 1  50.6  61.1   1:55p  40.1  11:55p  14.4   0.0  0.01  14.1  33.0   8:10p     E
 2  39.8  41.0   2:55a  38.5  12:55p  25.3   0.0  0.80  15.2  37.0   2:15p    NE
 3  44.5  53.5   4:00p  35.4   7:10a  20.5   0.0  0.02  17.1  40.0  12:10a   NNW
 4  51.7  63.9   5:25p  39.4   7:15a  13.3   0.0  0.00  11.0  33.0   4:55p   WSW
 5  45.3  60.5   4:35p  30.2   5:20a  19.7   0.0  0.00   4.3  18.0   5:30p     N
 6  55.6  72.6   2:10p  38.6   5:45a   9.4   0.0  0.00   7.6  26.0   5:00p   SSW
 7  52.9  63.6   2:55p  42.3  10:55p  12.1   0.0  0.01  11.8  31.0   2:00p     N
 8  46.8  58.4   3:30p  35.2   5:45a  18.2   0.0  0.00   6.1  25.0   2:15p     N
 9  48.5  62.3   2:35p  34.8   6:20a  16.5   0.0  0.00   4.1  14.0   5:00p    NE
10  46.8  58.5  12:20p  35.0  11:40p  18.3   0.0  0.67   8.2  30.0   1:10p    SE
11  44.6  56.9   5:10p  32.3   6:20a  20.4   0.0  0.01  10.8  32.0   4:25a     N
12  48.7  59.6   3:30p  37.7  12:05a  16.3   0.0  0.00  15.6  35.0   1:50p    SE
13  49.4  54.6   9:30a  44.3  12:00m  15.6   0.0  0.11  12.3  26.0  12:20a   WNW
14  49.0  63.5   5:55p  34.4   5:50a  16.0   0.0  0.00   6.5  17.0  12:05a    NW
15  52.0  67.6   1:25p  36.4   3:55a  13.0   0.0  0.00   7.8  27.0   9:30a   SSW
16  60.4  76.6   5:05p  44.2   6:25a   4.6   0.0  0.00  10.9  33.0   3:15p     W
17  57.5  68.3   2:00p  46.6  12:00m   7.5   0.0  0.01  13.5  45.0  12:25p    NW
18  47.9  59.0   4:45p  36.8   5:50a  17.1   0.0  0.00   8.4  26.0   1:45p   NNW
19  42.2  49.4  12:00p  34.9   2:30a  22.8   0.0  0.53   4.5  16.0   5:10p     E
20  49.6  61.4   4:45p  37.8  12:05a  15.4   0.0  0.00  12.8  32.0   2:05p    NW
21  49.0  66.0   5:50p  31.9   5:05a  16.0   0.0  0.00   5.9  22.0  11:05a   NNW
22  55.1  68.1   4:15p  42.1  12:05a   9.9   0.0  0.00   6.2  21.0   8:20p     E
23  55.3  67.0   5:35p  43.7   4:55a   9.7   0.0  0.00  10.8  23.0   9:05a     E
24  56.2  69.8   4:55p  42.5   5:55a   8.8   0.0  0.00  15.9  37.0  11:25a    SE
25  63.8  68.6   6:35p  59.0   7:30a   1.2   0.0  0.36   9.9  29.0  10:40a   SSE
26  52.0  61.0  12:20a  43.1  11:55p  13.0   0.0  0.00  10.4  26.0   8:55a   WNW
27  47.1  59.8   4:30p  34.4   4:55a  17.9   0.0  0.00   5.0  21.0  10:55a     E
28  53.7  67.5   4:00p  39.8   4:30a  11.3   0.0  0.00   4.4  23.0   2:00p   SSE
29  49.8  56.2   6:05p  43.3   1:25a  15.3   0.0  0.48  10.5  36.0   4:30p    SE
30  59.0  66.9   4:25p  51.1   2:50a   6.0   0.0  0.01   5.7  20.0  12:50a    NW
31  62.6  74.9   4:10p  50.3   5:40a   2.4   0.0  0.50   7.3  22.0   5:15p    NW
-------------------------------------------------------------------------------------
    51.2  76.6    16    30.2     5   427.9   0.0  3.52   9.5  45.0    17      NW

Max >=  90.0:  0
Max <=  32.0:  0
Min <=  32.0:  2
Min <=   0.0:  0
Max Rain: 0.80 ON 05/02/08
Days of Rain: 8 (>.01 in) 7 (>.1 in) 0 (>1 in)
Heat Base:  65.0  Cool Base:  65.0  Method: (High + Low) / 2