MONTHLY CLIMATOLOGICAL SUMMARY FOR MARCH 2006



NAME: Second Station   CITY: Hillman   STATE: MN 
ELEV:  1288 ft  LAT:  45 54' 06" N  LONG:  93 51' 01" W

                   TEMPERATURE (F), RAIN  (in), WIND SPEED (mph)

                                      HEAT  COOL        AVG
    MEAN                              DEG   DEG         WIND                 DOM
DAY TEMP  HIGH   TIME   LOW    TIME   DAYS  DAYS  RAIN  SPEED HIGH   TIME    DIR
------------------------------------------------------------------------------------
 1  31.3  36.6   1:15p  25.9   5:30a  33.8   0.0  0.00  11.3  27.0  11:15a     E
 2  29.5  38.1   1:45p  20.9  10:45p  35.5   0.0  0.10   8.4  21.0  11:15a     N
 3  22.4  32.6   4:30p  12.2  12:00m  42.6   0.0  0.00   3.5  13.0   6:00a     N
 4  22.1  34.2   4:00p  10.0   1:45a  42.9   0.0  0.00   8.9  20.0  10:00p   ESE
 5  29.4  31.7  12:15a  27.0  12:00m  35.7   0.0  0.11   8.7  26.0   7:40p   ESE
 6  27.3  32.8   3:20p  21.7   3:40a  37.8   0.0  0.00   5.7  18.0   7:20a    NW
 7  31.8  35.4   1:40p  28.2   6:40a  33.2   0.0  0.20  13.3  34.0   3:10p   SSE
 8  36.8  42.3   3:10p  31.3   8:10a  28.2   0.0  0.00   5.3  18.0  12:30a    SW
 9  32.8  43.3   4:00p  22.3  12:00m  32.2   0.0  0.00   4.2  13.0  10:40a     N
10  34.4  49.5   4:30p  19.3   4:30a  30.6   0.0  0.00   7.1  25.0   1:10p    SE
11  35.5  43.2  11:40a  27.9  11:50p  29.5   0.0  0.00  10.3  30.0   3:40p     E
12  32.7  42.3  12:10p  23.1   3:50a  32.3   0.0  0.09   5.5  21.0   6:50p    SW
13  24.0  31.7  12:10a  16.2  11:20p  41.0   0.0  0.02  16.5  34.0  12:10p   NNW
14  18.1  27.4   4:20p   8.9   6:10a  46.8   0.0  0.00  12.9  27.0   1:10a    NW
15  17.5  30.7   1:30p   4.2   6:30a  47.5   0.0  0.00   4.1  13.0  12:10a     E
16  30.6  37.1   3:20p  24.2  12:00m  34.3   0.0  0.00   8.1  25.0  11:50a    NE
17  26.6  38.4   3:00p  14.7   6:30a  38.4   0.0  0.00   4.0  14.0   2:20p   NNE
18  26.4  38.3   2:30p  14.5   6:10a  38.6   0.0  0.00   4.6  17.0   4:30p    NE
19  30.0  40.4   1:40p  19.5   6:20a  35.0   0.0  0.00   6.3  17.0   5:40a    NE
20  30.6  36.3   1:20p  24.9   6:50a  34.4   0.0  0.00  10.3  30.0   5:20p    NE
21  29.8  37.1   3:10p  22.5   4:00a  35.2   0.0  0.00   9.3  27.0  12:20a     N
22  32.3  44.4   3:30p  20.1   6:20a  32.8   0.0  0.00  10.0  22.0   1:10p   NNW
23  32.0  35.3  12:20p  28.6   6:00a  33.0   0.0  0.00   8.1  18.0  12:50a   NNW
24  32.9  37.3   1:40p  28.5   5:30a  32.1   0.0  0.00   5.4  14.0   2:30p     N
25  31.6  39.6   1:00p  23.6   6:30a  33.4   0.0  0.00   3.5  13.0   4:00p     N
26  38.3  45.9   3:30p  30.8   5:50a  26.7   0.0  0.00  10.0  33.0   1:20p    SE
27  39.8  45.0   2:10p  34.7  12:00m  25.2   0.0  0.00   9.5  22.0   8:30a   ESE
28  35.3  46.6  11:20a  24.0   5:00a  29.7   0.0  0.00   6.1  24.0  11:50a   SSW
29  44.3  54.8   1:30p  33.9   6:20a  20.7   0.0  0.00  14.0  31.0   9:40a   SSE
30  48.8  54.6   1:10p  43.0   2:50a  16.2   0.0  0.21  14.8  32.0  12:50p    SE
31  44.0  52.0  12:20a  36.0  11:40p  21.0   0.0  0.03  12.8  35.0   4:30p   NNW
-------------------------------------------------------------------------------------
    31.6  54.8    29     4.2    15  1036.3   0.0  0.76   8.5  35.0    31       N

Max >=  90.0:  0
Max <=  32.0:  4
Min <=  32.0: 27
Min <=   0.0:  0
Max Rain: 0.21 ON 03/30/06
Days of Rain: 7 (>.01 in) 3 (>.1 in) 0 (>1 in)
Heat Base:  65.0  Cool Base:  65.0  Method: (High + Low) / 2