MONTHLY CLIMATOLOGICAL SUMMARY FOR NOVEMBER 2007


NAME: Second Station   CITY: Hillman   STATE: MN 
ELEV:  1285 ft  LAT:  45 54' 06" N  LONG:  93 51' 01" W

                   TEMPERATURE (F), RAIN  (in), WIND SPEED (mph)

                                      HEAT  COOL        AVG
    MEAN                              DEG   DEG         WIND                 DOM
DAY TEMP  HIGH   TIME   LOW    TIME   DAYS  DAYS  RAIN  SPEED HIGH   TIME    DIR
------------------------------------------------------------------------------------
 1  39.5  54.7   3:35p  24.3   8:20a  25.5   0.0  0.00  10.1  39.0   3:20p     S
 2  43.0  49.6   3:00p  36.4  12:00m  22.0   0.0  0.00  13.9  40.0   2:00p   WNW
 3  37.8  48.6   3:15p  27.1   7:55a  27.2   0.0  0.00   6.2  20.0   1:45p   WSW
 4  39.0  50.1   1:05p  28.0   6:25a  26.0   0.0  0.00   5.5  16.0   6:45p     W
 5  35.3  37.9  12:45p  32.8   8:05p  29.7   0.0  0.00  19.5  40.0  12:20p    NW
 6  30.9  34.4  12:05a  27.4  10:30p  34.1   0.0  0.00  11.8  32.0  12:05a    NW
 7  29.8  38.8   3:55p  20.8  11:25p  35.2   0.0  0.00   7.8  29.0  10:25a     S
 8  30.8  39.8   2:00p  21.9  12:05a  34.2   0.0  0.00   6.1  19.0   1:25a    NW
 9  30.0  38.5   1:00p  21.6   2:40a  35.0   0.0  0.02   5.3  18.0   8:55a    NW
10  35.5  39.1   4:20p  31.9   5:55a  29.5   0.0  0.01  11.8  34.0  12:20p    SE
11  42.8  54.3   3:15p  31.3   3:50a  22.2   0.0  0.00   7.2  17.0  11:20p    SE
12  42.7  51.8   2:40p  33.5   7:20a  22.3   0.0  0.00   8.9  20.0  10:55p   WNW
13  43.7  51.8   1:25p  35.5   1:55a  21.3   0.0  0.00  15.1  40.0   8:15a   SSW
14  36.7  43.6  12:05a  29.7  11:10p  28.3   0.0  0.00  21.2  41.0  11:55a    NW
15  31.4  36.9   1:05p  25.9   9:15p  33.6   0.0  0.00   9.9  33.0   1:30a    NW
16  34.8  41.8   2:40p  27.9  12:40a  30.2   0.0  0.00   8.6  23.0  10:25a   ESE
17  30.3  33.5  11:40a  27.1  11:40p  34.7   0.0  0.00   8.0  22.0  11:00a   ENE
18  31.5  36.4  12:00m  26.5   4:20a  33.5   0.0  0.02  13.3  30.0   7:10p    SE
19  37.5  43.4   3:40p  31.5  10:00p  27.5   0.0  0.01   5.9  20.0  12:25a     S
20  31.5  36.0  12:00p  27.1  11:55p  33.5   0.0  0.00   8.7  24.0   9:45p   NNW
21  25.8  28.4  12:30p  23.3   9:25a  39.2   0.0  0.00  11.9  25.0   4:40a   NNW
22  16.3  23.5  12:05a   9.1  10:35p  48.7   0.0  0.00   5.8  18.0  12:05a     N
23  21.2  32.3   2:05p  10.1  12:30a  43.8   0.0  0.00   9.0  28.0   2:15p   SSW
24  29.5  33.2   3:05p  25.8   8:55a  35.5   0.0  0.00  10.6  28.0  12:45p   WSW
25  34.7  41.8   3:10p  27.5   3:30a  30.3   0.0  0.00  13.6  30.0  11:50a   SSW
26  20.4  30.7  10:05p  10.1  12:00m  44.6   0.0  0.00  11.3  44.0  10:10p    NW
27   5.8  14.4  11:30p  -2.7   7:40a  59.2   0.0  0.00  11.4  34.0  12:15a    NW
28  15.0  23.0  12:55p   7.0  11:10p  50.0   0.0  0.00  12.4  39.0   6:55p   WNW
29   7.0  12.6   2:30p   1.3   7:40a  58.0   0.0  0.00  11.6  30.0  11:30p   WNW
30   7.0  15.9   3:30p  -1.8   7:35a  58.0   0.0  0.00  11.4  27.0   1:10a   WNW
-------------------------------------------------------------------------------------
    29.9  54.7     1    -2.7    27  1052.7   0.0  0.06  10.5  44.0    26      NW

Max >=  90.0:  0
Max <=  32.0:  7
Min <=  32.0: 26
Min <=   0.0:  2
Max Rain: 0.02 ON 11/09/07
Days of Rain: 2 (>.01 in) 0 (>.1 in) 0 (>1 in)
Heat Base:  65.0  Cool Base:  65.0  Method: (High + Low) / 2