MONTHLY CLIMATOLOGICAL SUMMARY FOR NOVEMBER 2008


NAME: Second Station   CITY: Hillman   STATE: MN 
ELEV:  1285 ft  LAT:  45 54' 06" N  LONG:  93 51' 01" W

                   TEMPERATURE (F), RAIN  (in), WIND SPEED (mph)

                                      HEAT  COOL        AVG
    MEAN                              DEG   DEG         WIND                 DOM
DAY TEMP  HIGH   TIME   LOW    TIME   DAYS  DAYS  RAIN  SPEED HIGH   TIME    DIR
------------------------------------------------------------------------------------
 1  40.8  54.3   3:10p  27.2   8:05a  24.3   0.0  0.00   8.4  20.0  10:05p   ESE
 2  51.3  62.9   3:05p  39.7   9:25p  13.7   0.0  0.00   8.2  23.0   3:35a    SE
 3  57.4  69.8   3:00p  45.0   1:20a   7.6   0.0  0.00  12.2  33.0   2:30p    SE
 4  52.5  66.0   1:20p  38.9   7:30a  12.5   0.0  0.01   8.7  33.0  11:15p     S
 5  57.4  61.3  12:05a  53.6  10:15a   7.6   0.0  0.30  13.4  32.0   2:50a    SE
 6  50.5  59.9  12:15a  41.1   5:25p  14.5   0.0  0.64  11.9  35.0   1:05p   ESE
 7  38.6  43.0   2:10p  34.2  11:50p  26.4   0.0  0.15   7.7  24.0   8:20p    NE
 8  29.9  34.2  12:05a  25.6  11:05p  35.1   0.0  0.00  17.0  34.0  12:45p   NNW
 9  23.6  27.7   2:25p  19.5   9:20p  41.4   0.0  0.00  11.2  27.0   3:20a    NW
10  25.0  33.0   2:50p  17.1  12:00m  40.0   0.0  0.00   4.0  15.0   4:20a    NW
11  23.0  29.7  12:00m  16.2   1:35a  42.0   0.0  0.09   7.1  17.0   5:40p   ESE
12  31.8  33.9   3:05p  29.6  12:05a  33.3   0.0  0.01   5.7  26.0  11:30p     E
13  36.5  41.0   1:20p  31.9  12:35a  28.5   0.0  0.06  12.1  33.0  12:20a   WNW
14  33.7  38.3   1:05p  29.1   6:10p  31.3   0.0  0.00  11.9  36.0   5:30p    NW
15  24.7  29.6  12:05a  19.8   7:10p  40.3   0.0  0.00  10.1  27.0   3:25a    NW
16  26.7  30.5  12:55p  22.9   2:00a  38.3   0.0  0.01   5.1  21.0   5:55p    NW
17  21.3  26.9   1:05p  15.7   8:00p  43.7   0.0  0.00  11.4  30.0   8:25a    NW
18  20.6  27.8   7:25p  13.4   2:45a  44.4   0.0  0.00  10.2  31.0  11:55p     S
19  25.5  31.8  11:35a  19.3   5:10a  39.5   0.0  0.00  12.5  35.0   1:20p   NNW
20  18.3  26.2  12:15a  10.3   7:05p  46.8   0.0  0.00  12.7  27.0  10:05a   NNW
21  12.4  21.2   2:40p   3.6   7:35a  52.6   0.0  0.00   6.0  17.0  10:05p   WNW
22  23.3  31.4   1:40p  15.1  12:10a  41.8   0.0  0.00  11.0  25.0   8:50p    SE
23  28.3  32.8   1:50p  23.7   8:40p  36.8   0.0  0.00   7.6  28.0   3:40a    NW
24  21.8  29.9   1:45p  13.6  11:50p  43.3   0.0  0.00  10.9  29.0   2:10p   WNW
25  19.1  30.3   3:05p   7.9   6:40a  45.9   0.0  0.00   4.6  17.0  11:10a     S
26  25.2  38.4   2:55p  11.9   4:25a  39.8   0.0  0.00   3.9  14.0   5:55a   NNW
27  28.7  39.1   1:20p  18.3  12:05a  36.3   0.0  0.00  13.5  37.0  12:30p   WNW
28  27.1  38.0   2:55p  16.3  11:05p  37.8   0.0  0.00   6.3  15.0   4:20a   WNW
29  23.3  32.1   2:25p  14.6   5:15a  41.7   0.0  0.00   4.9  16.0   4:45p   NNE
30  20.4  22.3   2:05p  18.5   8:40a  44.6   0.0  0.00   8.6  30.0   9:25p     N
-------------------------------------------------------------------------------------
    30.6  69.8     3     3.6    21  1031.5   0.0  1.27   9.3  37.0    27      NW

Max >=  90.0:  0
Max <=  32.0: 13
Min <=  32.0: 24
Min <=   0.0:  0
Max Rain: 0.64 ON 11/06/08
Days of Rain: 5 (>.01 in) 3 (>.1 in) 0 (>1 in)
Heat Base:  65.0  Cool Base:  65.0  Method: (High + Low) / 2